**2 + 3830*y + 19121. Calculate l(-5).
-4
Let i(s) = 65*s - 1161. What is i(16)?
-121
Let i(h) = -178*h - 1955. What is i(-11)?
3
Let b(k) = -k**3 + 12*k**2 + 485*k + 236. What is b(29)?
4
Let n(o) = -2541*o - 231226. Determine n(-91).
5
Let d(u) = u**3 - 5*u**2 + 127*u - 672. Determine d(5).
-37
Let v(o) = -15936*o + 175300. Calculate v(11).
4
Let n(x) = -x**3 - 27*x**2 - 63*x - 1697. Determine n(-27).
4
Let j(k) = k**3 - 44*k**2 + 255*k - 87. Determine j(37).
-235
Let r(s) = -17*s**2 + 2*s + 6. Determine r(2).
-58
Let o(x) = -47*x + 1334. Give o(30).
-76
Let o(n) = n**3 - 20*n**2 - 32*n + 1028. Calculate o(19).
59
Let v(t) = -2*t**2 - 80*t - 461. Calculate v(-7).
1
Let t(r) = -r**2 - 38*r + 230. What is t(-43)?
15
Let q(i) = -i**3 - 10*i**2 - 20*i + 25. Give q(-6).
1
Let i(h) = -494*h - 12344. Give i(-25).
6
Let u(h) = -16*h - 311. What is u(-22)?
41
Let w(s) = s**2 + 106*s + 1285. Give w(-14).
-3
Let b(w) = w**3 - 544*w**2 - 1077*w. Calculate b(-2).
-30
Let g(w) = w**2 + 24*w - 277. Give g(-33).
20
Let k(o) = -5*o**3 - 199*o**2 + 151*o + 4440. Determine k(-40).
0
Let a(m) = 17*m - 91. Determine a(5).
-6
Let p(v) = v**3 - 6*v**2 + 1201*v - 4776. Determine p(4).
-4
Let y(k) = k**2 + 3*k - 60. Determine y(8).
28
Let v(o) = -o**3 - 34*o**2 - 105*o - 3593. Give v(-34).
-23
Let y(q) = q**3 + 143*q**2 - 679*q + 356. Calculate y(4).
-8
Let h(w) = w**2 - 27*w - 188. Determine h(-6).
10
Let g(q) = -2*q**3 + 21*q**2 - 17*q + 69. Calculate g(10).
-1
Let p(g) = -54*g - 25. Give p(2).
-133
Let o(r) = 903*r + 4525. Give o(-5).
10
Let y(p) = -111*p + 30. What is y(-2)?
252
Let b(r) = r**3 - 63*r**2 + 580*r - 424. Give b(52).
-8
Let q(v) = v**2 + 110*v - 1490. Give q(12).
-26
Let y(n) = 2*n**2 + 84*n + 683. What is y(-31)?
1
Let k(w) = 22*w**2 - 130*w - 257. Calculate k(-2).
91
Let n(p) = -79*p + 1809. Calculate n(23).
-8
Let s(m) = m**3 + 19*m**2 - 10*m - 174. Determine s(-19).
16
Let n(f) = 4*f**3 + 85*f**2 + 10*f - 199. Give n(-21).
32
Let r(x) = 6*x**2 - 107*x - 10. Calculate r(18).
8
Let m(r) = -r**3 - 34*r**2 + 30*r - 98. Calculate m(-35).
77
Let m(h) = 449*h + 116294. Determine m(-259).
3
Let l(k) = -33*k**3 - 2*k**2 + 3*k + 4. Give l(2).
-262
Let a(x) = -8*x + 242. Determine a(22).
66
Let i(n) = -144*n - 7630. Determine i(-53).
2
Let x(a) = -a**3 + 5*a**2 - 6*a + 7. Give x(3).
7
Let i(m) = -m**3 + 10*m**2 + 36*m - 130. Determine i(12).
14
Let b(g) = -901*g + 22519. Determine b(25).
-6
Let p(i) = 564*i - 63159. What is p(112)?
9
Let q(g) = -42*g**2 + 7*g + 7. Calculate q(-2).
-175
Let a(o) = 28*o**3 - 619*o**2 + 71*o - 93. What is a(22)?
17
Let x(r) = -r**3 + 28*r**2 - 101*r + 15. Determine x(23).
337
Let c(a) = -4*a**2 + 27*a + 199. Give c(-6).
-107
Let l(c) = 26*c**3 + 2*c**2 - 53*c + 51. Determine l(1).
26
Let w(g) = -5*g**3 + 7*g**2 + 2*g - 461. Give w(0).
-461
Let k(n) = 6*n**2 - n - 1. Calculate k(6).
209
Let o(k) = -12*k + 46. Determine o(11).
-86
Let w(j) = -j**3 + 9*j**2 + 78. Determine w(10).
-22
Let t(c) = 29*c**3 - 7*c**2 - 9*c - 19. Determine t(-2).
-261
Let y(q) = 131*q**3 - q**2 + q + 1. Calculate y(-1).
-132
Let p(s) = s**3 - 11*s - 47. Determine p(-6).
-197
Let c(g) = 10242*g + 102416. Give c(-10).
-4
Let j(c) = -15*c - 62. Determine j(-12).
118
Let n(m) = 10*m**2 - 168*m - 21. Determine n(17).
13
Let f(s) = s**2 + 732*s + 7245. Give f(-10).
25
Let q(y) = -44*y + 8230. Determine q(187).
2
Let k(p) = -59*p - 136. Give k(-3).
41
Let f(j) = 2*j**2 - 131*j - 943. Calculate f(72).
-7
Let b(o) = o**2 + 60*o + 888. Give b(-26).
4
Let i(q) = -200*q**3 + 8*q**2 - 13*q + 5. What is i(1)?
-200
Let r(u) = 8*u**3 - 37*u**2 + 76*u - 11. Calculate r(2).
57
Let g(r) = -2*r**3 - 10*r**2 + 119*r + 397. Give g(-3).
4
Let b(p) = p**2 - 43*p + 389. What is b(14)?
-17
Let x(v) = -2*v**3 + 81*v**2 - 194*v + 84. What is x(38)?
-68
Let z(a) = a**3 - 9*a**2 - 26*a + 38. Give z(11).
-6
Let k(s) = -47*s + 210. Calculate k(5).
-25
Let g(v) = -23*v - 2305. Give g(-100).
-5
Let v(r) = -r**2 + 15*r - 15. Give v(11).
29
Let n(o) = -o**3 + 2*o**2 + 18*o - 32. What is n(-4)?
-8
Let r(g) = -4*g**2 + 697*g + 6598. Determine r(-9).
1
Let d(c) = 11*c + 310. What is d(-34)?
-64
Let w(d) = -6264*d - 56372. Give w(-9).
4
Let x(k) = k**2 - 3538*k + 10610. Determine x(3).
5
Let d(t) = 4*t**3 - t**2 - 18*t + 27. Calculate d(2).
19
Let l(m) = 3*m**3 + 57*m**2 + 597*m + 11347. Determine l(-19).
4
Let x(l) = 55*l**3 - 273*l**2 - 3*l - 25. Give x(5).
10
Let v(n) = n**2 + 8*n - 62. What is v(6)?
22
Let v(p) = 3*p**3 + 40*p**2 + 12*p - 3. What is v(-13)?
10
Let r(a) = -6906*a + 145019. Determine r(21).
-7
Let u(o) = -o**2 + 4*o + 389. Determine u(-19).
-48
Let h(d) = -108*d + 1043. Give h(10).
-37
Let f(s) = -s**3 - 27*s**2 - 44*s + 148. Calculate f(-25).
-2
Let g(f) = -2768*f + 19393. What is g(7)?
17
Let d(o) = -o**2 - 56*o + 1826. Give d(23).
9
Let s(h) = -572*h**3 - 3*h**2 - 5*h - 4. Calculate s(-1).
570
Let b(k) = -539*k + 3769. Give b(7).
-4
Let a(d) = -8*d - 266. Calculate a(-33).
-2
Let r(a) = 8*a**2 + 33*a + 32. Determine r(-1).
7
Let h(b) = 15*b**2 - 86*b - 22. What is h(6)?
2
Let u(f) = 1037*f + 9356. Determine u(-9).
23
Let z(v) = 36*v**2 - 990*v - 495. Determine z(28).
9
Let j(g) = 48*g + 538. What is j(-12)?
-38
Let o(w) = 1966*w - 27529. Give o(14).
-5
Let o(u) = -2458*u + 19684. What is o(8)?
20
Let f(s) = -1168*s - 8149. What is f(-7)?
27
Let n(y) = -6*y**3 - 66*y**2 + 4*y + 28. Give n(-11).
-16
Let x(d) = -25*d - 48. Determine x(-4).
52
Let r(x) = -2*x**3 + 41*x**2 + 29*x + 14. Calculate r(21).
182
Let n(z) = 3*z**3 - 188*z**2 + 134*z - 580. Calculate n(62).
40
Let b(s) = 119*s - 2. Determine b(1).
117
Let f(l) = -3752*l - 3754. Determine f(-1).
-2
Let f(v) = -v**3 + 32*v**2 - 64*v + 181. Calculate f(30).
61
Let f(u) = 6*u**2 - 33*u - 9. What is f(8)?
111
Let a(k) = -k**2 + 202*k - 1185. Give a(6).
-9
Let y(l) = -33*l + 18. Give y(-3).
117
Let r(y) = y**2 + 20*y - 128. Calculate r(-26).
28
Let k(p) = -7*p**3 - 65*p**2 - 110*p + 3. Determine k(-7).
-11
Let a(p) = -134*p - 8711. What is a(-65)?
-1
Let l(t) = t**3 + 48*t**2 + 4*t + 175. Determine l(-48).
-17
Let f(i) = 1503*i - 7482. What is f(5)?
33
Let q(z) = -z**3 + 8*z**2 + 88*z - 41. What is q(15)?
-296
Let u(h) = 3*h**2 - 8844*h - 53179. Determine u(-6).
-7
Let y(t) = 21*t + 100. Give y(-6).
-26
Let d(s) = 40*s**3 + 3*s**2 + 874*s + 872. Give d(-1).
-39
Let u(q) = -4*q**3 + 493*q**2 + 377*q - 616. Calculate u(124).
4
Let i(k) = k**3 + 13*k**2 + 3*k + 14. Give i(-12).
122
Let l(q) = -5*q**2 - 2983*q + 2984. Calculate l(1).
-4
Let h(a) = 63*a + 522. What is h(-8)?
18
Let c(z) = 474*z + 43147. Give c(-91).
13
Let d(n) = 101*n - 826. What is d(8)?
-18
Let u(j) = 3*j**3 - 134*j**2 + 86*j + 84. Determine u(44).
-4
Let t(k) = -38*k + 1. What is t(0)?
1
Let k(q) = q**3 + 31*q**2 + 199*q - 33. What is k(-9)?
-42
Let d(n) = -n**3 + 216*n**2 + 16*n - 6. What is d(0)?
-6
Let z(o) = o - 262. Determine z(-20).
-282
Let v(l) = 10*l + 99. Calculate v(0).
99
Let x(w) = -63*w + 369. Calculate x(7).
-72
Let y(v) = 5*v**2 - 66*v - 38. Give y(14).
18
Let t(q) = -657*q - 24958. Calculate t(-38).
8
Let x(q) = -68*q - 163. Calculate x(-4).
109
Let r(f) = 2*f**2 - 28*f - 61. Determine r(15).
-31
Let t(f) = -9*f**3 + 5*f**2 + 30*f + 65. Determine t(-4).
601
Let h(f) = 13*f**2 - 193*f - 25. What is h(15)?
5
Let u(j) = 5*j**2 + 70*j - 4. What is u(-4)?
-204
Let u(t) = -614*t - 8525. Determine u(-14).
71
Let a(v) = 74*v**2 + 84*v - 247. Give a(3).
671
Let n(z) = 36*z + 513. Give n(-14).
9
Let k(m) = -69*m + 946. Give k(14).
-20
Let l(m) = -118*m + 755. What is l(6)?
47
Let s(q) = -4044*q - 15. Give s(0).
-15
Let o(c) = -2*c**2 + 159*c - 513. Determine o(76).
19
Let b(y) = -2*y**2 + 8. Calculate b(3).
-10
Let x(l) = 2*l**3 + 24*l**2 + 23*l + 20. Give x(-11).
9
Let i(f) = 2*f**3 + 12*f**2 + 11*f + 34. What is i(-5)?
29
Let w(q) = -q**3 + 89*q**2 + 676*q - 377. Give w(96).
7
Let w(f) = 20*f**3 + f**2 - 6*f + 3. Give w(1).
18
Let p(t) = 3*t**2 + 5*t + 17. Give p(-7).
129
Let o(z) = -6*z**2 + 19*z - 68. Give o(3).
-65
Let c(b) = 57*b - 72. Determine c(0).
-72
Let q(g) = 186*g - 27711. Determine q(149).
3
Let g(l) = -2*l**2 + 8*l + 41. Determine g(6).
17
Let v(c) = -4*c**2 + 29*c + 248. Calculate v(-7).
-151
Let g(o) = -3257*o + 13034. What i